what is -30022030 + 310?
-30021120
In base 3, what is -202 + -210021002220012?
-210021002220221
In base 13, what is ab4880 + 44?
ab48c4
In base 10, what is 3 - -70780921?
70780924
In base 11, what is -18 + 293677?
29365a
In base 3, what is -22 - -20201202212220201?
20201202212220102
In base 11, what is 5 + 1039510?
1039515
In base 11, what is -962 - 23475?
-24327
In base 15, what is -10 - -19570e?
1956ee
In base 6, what is 0 + -15415125?
-15415125
In base 8, what is 353 - 52420?
-52045
In base 2, what is 1 - -10010011001110110001111011?
10010011001110110001111100
In base 10, what is 126 + -6534464?
-6534338
In base 4, what is -32 - -303203332?
303203300
In base 3, what is 1 + 21220220122012?
21220220122020
In base 15, what is 16732 + 139e?
17ad1
In base 9, what is -1741 + 7750?
6008
In base 15, what is -346 - d03c?
-d383
In base 13, what is -ac44 - -484b?
-63c6
In base 12, what is 3a + 752b3?
75331
In base 4, what is 0 + -11223322333121?
-11223322333121
In base 14, what is a15 + -1405a?
-13445
In base 14, what is -5 - -135c897?
135c892
In base 11, what is -19 - -2904491?
2904473
In base 16, what is -40c4c - 38?
-40c84
In base 4, what is 2000 - -11131103320?
11131111320
In base 6, what is -355245 + -40535?
-440224
In base 10, what is -81 + -2022426?
-2022507
In base 15, what is 0 + -16e12c7d?
-16e12c7d
In base 3, what is -1211020112 + -20011020?
-2001101202
In base 13, what is 7 - 1682c51?
-1682c47
In base 16, what is -1c + -1193c?
-11958
In base 4, what is 2113211200 + 231?
2113212031
In base 15, what is -3 + -976928?
-97692b
In base 6, what is 4 + -12133025322?
-12133025314
In base 13, what is -5 + 351c681?
351c679
In base 16, what is -b - 4eafa?
-4eb05
In base 16, what is c0 + -374b4?
-373f4
In base 7, what is -4621010666 + -4?
-4621011003
In base 10, what is 178052 + 470?
178522
In base 7, what is -25 + -1443030?
-1443055
In base 15, what is -9 - -5bbae?
5bba5
In base 8, what is -41653615 + -17?
-41653634
In base 5, what is -2142 - 14243121?
-14300313
In base 12, what is 612aa1 + 51?
612b32
In base 6, what is 1325511001 - 0?
1325511001
In base 16, what is -20 - -440c4?
440a4
In base 12, what is -3 + 804847?
804844
In base 3, what is -2 - -11111221002111?
11111221002102
In base 9, what is 114713827 + -5?
114713822
In base 12, what is 2 - -3958766?
3958768
In base 12, what is 17a + 3599b?
35b59
In base 15, what is 143d86 - -b?
143d92
In base 11, what is 38a + a94398?
a94777
In base 4, what is 23 - -1003002212003?
1003002212032
In base 9, what is -416368823 + 4?
-416368818
In base 6, what is -255205 + 504521?
205312
In base 10, what is -1511 - 7232?
-8743
In base 3, what is -2102020 - 121200022012?
-121202201102
In base 11, what is 6 - 1159119?
-1159113
In base 7, what is -45155 - -11626?
-33226
In base 11, what is -14307 - -368?
-13a4a
In base 6, what is -4 + -115504421?
-115504425
In base 9, what is 1441270 + -403?
1440766
In base 14, what is -11cca0 - -1?
-11cc9d
In base 4, what is -21110 + 3220230?
3133120
In base 6, what is 5012 + -124113?
-115101
In base 10, what is -184 - -259167?
258983
In base 4, what is 20 - -1211033321211?
1211033321231
In base 11, what is 1714 - 38726?
-37012
In base 4, what is 233303333322 + 11?
233303333333
In base 10, what is -362 - -171075?
170713
In base 2, what is -111101 + 100100011000110111?
100100010111111010
In base 16, what is -5 + 953c0?
953bb
In base 8, what is -412 + -22152665?
-22153277
In base 10, what is -5868 + 5672?
-196
In base 6, what is 334343 - 34154?
300145
In base 8, what is 2 + 1677056?
1677060
In base 2, what is -100 + -110001011101010110010101011?
-110001011101010110010101111
In base 15, what is -1603 + -3c0?
-19c3
In base 16, what is -13 + 6d0452?
6d043f
In base 6, what is 5 + -33150105220?
-33150105211
In base 4, what is -13 + 11212332120100?
11212332120021
In base 12, what is 1a182b1 - -5?
1a182b6
In base 8, what is -1 + -66376355?
-66376356
In base 12, what is 131a3956 - 4?
131a3952
In base 8, what is 104431414 - 5?
104431407
In base 11, what is 358479545 + 0?
358479545
In base 16, what is -126d4 - -1341?
-11393
In base 12, what is 64a116 - -a7?
64a201
In base 2, what is -11 - 1011010111001100110111101?
-1011010111001100111000000
In base 9, what is -62 + -854087?
-854160
In base 9, what is 3712710 - 8?
3712701
In base 2, what is -10101000001111101 - 1101010101001?
-10110101100100110
In base 9, what is 184 - 3508726?
-3508532
In base 8, what is -5 + -11466710?
-11466715
In base 14, what is 162902 + 2bc?
162bc0
In base 12, what is -142 - -ba918b?
ba9049
In base 6, what is -1232235301 - 11?
-1232235312
In base 16, what is 5db9 + 161d?
73d6
In base 4, what is -1130100123 - 2?
-1130100131
In base 4, what is 33 + -3321112020?
-3321111321
In base 15, what is -1 + -1552de?
-1552e0
In base 16, what is -3318d + -14?
-331a1
In base 5, what is 32 - 100402243041?
-100402243004
In base 2, what is 11101 + -111110110101111011100?
-111110110101110111111
In base 11, what is -44 + -8733067?
-8733100
In base 11, what is 4 + -55a3381?
-55a3378
In base 14, what is -3cc9a1 - 15b?
-3ccb1c
In base 8, what is -155 - 1171744?
-1172121
In base 12, what is -1063 + -20?
-1083
In base 3, what is 1002210 + -2002102121?
-2001022211
In base 9, what is 14 + 18362082?
18362106
In base 16, what is 6b - -2bd9?
2c44
In base 11, what is 113699a22 - -7?
113699a29
In base 6, what is -1 + 112014402?
112014401
In base 10, what is 1 + -4977123?
-4977122
In base 14, what is a7 + -a4697?
-a45d0
In base 10, what is -5 - -103971633?
103971628
In base 15, what is -23 - 74d37?
-74d5a
In base 3, what is -2 - -1222210002000221?
1222210002000212
In base 9, what is 10 - 4230571?
-4230561
In base 4, what is -110023331211 + 1?
-110023331210
In base 10, what is -401603 + -2?
-401605
In base 11, what is -3 + 31a1988?
31a1985
In base 4, what is -1110121222 + -20112?
-1110202000
In base 16, what is -20 + 350ab?
3508b
In base 9, what is -45251658 - 1?
-45251660
In base 6, what is -1333 - -3441233?
3435500
In base 5, what is 44 + 102122121?
102122220
In base 13, what is 1 + 1a4689a?
1a4689b
In base 2, what is 1000101000001101110100101 - 0?
1000101000001101110100101
In base 5, what is 1 - 110400201122?
-110400201121
In base 5, what is 13 + 30102221101?
30102221114
In base 9, what is -2 + 6673204?
6673202
In base 5, what is 2100220 + -3323?
2041342
In base 4, what is 1101033200232 + 1?
1101033200233
In base 7, what is -12544353 + 14?
-12544336
In base 9, what is 15813 + -3418?
12384
In base 4, what is 201331100032 + -1?
201331100031
In base 16, what is e887a8f - 1?
e887a8e
In base 7, what is 1166321 - -1310?
1200631
In base 5, what is 423 + -12223213?
-12222240
In base 6, what is 50045023 - 114?
50044505
In base 16, what is -c65 - 389ca?
-3962f
In base 12, what is -5 - -197aa8?
197aa3
In base 8, what is -120000706 + 3?
-120000703
In base 6, what is -1 - -11132151?
11132150
In base 14, what is -19dd9 + 409?
-199d0
In base 7, what is -13526612 + -22?
-13526634
In base 9, what is 8082 - -3204?
12286
In base 14, what is 1d31 + -334dd?
-315ac
In base 8, what is 13 - -70662535?
70662550
In base 10, what is 398636 + -359?
398277
In base 11, what is 81382 + -212?
81170
In base 6, what is 32215 - 1055?
31120
In base 5, what is 101 - -10113413434?
10113414040
In base 16, what is 4 - 2858ba?
-2858b6
In base 16, what is -10b + -1b86?
-1c91
In base 4, what is -33012 + -32011003?
-32110021
In base 14, what is d1 - -15b2dc?
15b3cd
In base 16, what is -b0 + 9152?
90a2
In base 9, what is -3 - -203105?
203102
In base 4, what is -1003330013031 + 30?
-1003330013001
In base 9, what is -10471262 + 334?
-10470827
In base 7, what is 4 - 5426663335?
-5426663331
In base 4, what is 3212203 + -1220313?
1331230
In base 4, what is 111110103212 - -1?
111110103213
In base 4, what is 103230123021 - 1221?
103230121200
In base 11, what is -a47 - 228?
-1174
In base 13, what is a2918 + -2b?
a28ba
In base 5, what is -1 + 1232210021?
1232210020
In base 5, what is -103423224 + -44?
-103423323
In base 9, what is -44 + 38800025?
38788871
In base 4, what is 2120112332 - 1213?
2120111113
In base 11, what is 6 - -2931791?
2931797
In base 5, what is -210002123 + 12?
-210002111
In base 6, what is -111 - -52214331?
52214220
In base 5, what is 241342321 - 1031?
241341240
In base 5, what is 